git of 12500?
0
What is the ten thousands digit of 53421?
5
What is the thousands digit of 48332?
8
What is the tens digit of 25?
2
What is the thousands digit of 2068?
2
What is the units digit of 1249?
9
What is the units digit of 762?
2
What is the units digit of 12597?
7
What is the hundred thousands digit of 103564?
1
What is the thousands digit of 52597?
2
What is the units digit of 47789?
9
What is the tens digit of 235?
3
What is the hundreds digit of 99304?
3
What is the ten thousands digit of 60699?
6
What is the hundreds digit of 14904?
9
What is the tens digit of 14922?
2
What is the hundreds digit of 7720?
7
What is the tens digit of 677?
7
What is the tens digit of 3859?
5
What is the hundreds digit of 8663?
6
What is the thousands digit of 119212?
9
What is the tens digit of 77668?
6
What is the units digit of 79245?
5
What is the hundreds digit of 167133?
1
What is the tens digit of 4652?
5
What is the units digit of 47104?
4
What is the hundreds digit of 13429?
4
What is the hundreds digit of 28012?
0
What is the hundreds digit of 1632?
6
What is the tens digit of 108?
0
What is the units digit of 85622?
2
What is the thousands digit of 4954?
4
What is the units digit of 28883?
3
What is the thousands digit of 1267?
1
What is the ten thousands digit of 74660?
7
What is the thousands digit of 45699?
5
What is the hundreds digit of 812?
8
What is the hundred thousands digit of 126215?
1
What is the units digit of 24966?
6
What is the units digit of 1636?
6
What is the tens digit of 40955?
5
What is the tens digit of 3065?
6
What is the hundreds digit of 204?
2
What is the units digit of 15833?
3
What is the tens digit of 390?
9
What is the thousands digit of 16557?
6
What is the hundreds digit of 3747?
7
What is the thousands digit of 121265?
1
What is the hundreds digit of 4355?
3
What is the thousands digit of 6507?
6
What is the tens digit of 5335?
3
What is the ten thousands digit of 94866?
9
What is the hundreds digit of 646?
6
What is the ten thousands digit of 77695?
7
What is the tens digit of 10876?
7
What is the units digit of 7552?
2
What is the hundreds digit of 4796?
7
What is the units digit of 17?
7
What is the tens digit of 41609?
0
What is the units digit of 15305?
5
What is the thousands digit of 63001?
3
What is the units digit of 1665?
5
What is the tens digit of 639?
3
What is the units digit of 776?
6
What is the thousands digit of 26576?
6
What is the units digit of 2104?
4
What is the tens digit of 892?
9
What is the units digit of 15346?
6
What is the tens digit of 1667?
6
What is the hundreds digit of 1976?
9
What is the thousands digit of 40403?
0
What is the thousands digit of 21200?
1
What is the hundreds digit of 4514?
5
What is the thousands digit of 1762?
1
What is the tens digit of 28109?
0
What is the tens digit of 8785?
8
What is the units digit of 19971?
1
What is the units digit of 16525?
5
What is the tens digit of 1827?
2
What is the thousands digit of 31963?
1
What is the units digit of 458?
8
What is the thousands digit of 7641?
7
What is the tens digit of 21761?
6
What is the hundreds digit of 2314?
3
What is the thousands digit of 27128?
7
What is the tens digit of 961?
6
What is the thousands digit of 6428?
6
What is the units digit of 844?
4
What is the hundred thousands digit of 164617?
1
What is the ten thousands digit of 34443?
3
What is the thousands digit of 1767?
1
What is the thousands digit of 6195?
6
What is the tens digit of 14167?
6
What is the units digit of 27126?
6
What is the hundreds digit of 3224?
2
What is the thousands digit of 2256?
2
What is the units digit of 658?
8
What is the tens digit of 9945?
4
What is the units digit of 2137?
7
What is the tens digit of 492?
9
What is the thousands digit of 6879?
6
What is the tens digit of 696?
9
What is the tens digit of 29756?
5
What is the hundreds digit of 6164?
1
What is the units digit of 24?
4
What is the thousands digit of 35803?
5
What is the units digit of 2176?
6
What is the units digit of 4338?
8
What is the tens digit of 10480?
8
What is the hundreds digit of 7685?
6
What is the tens digit of 22413?
1
What is the hundreds digit of 23707?
7
What is the thousands digit of 5868?
5
What is the hundreds digit of 642?
6
What is the tens digit of 29660?
6
What is the units digit of 7773?
3
What is the thousands digit of 16755?
6
What is the hundreds digit of 592?
5
What is the tens digit of 30319?
1
What is the thousands digit of 12815?
2
What is the units digit of 53034?
4
What is the units digit of 3269?
9
What is the thousands digit of 4372?
4
What is the thousands digit of 4935?
4
What is the tens digit of 24069?
6
What is the hundreds digit of 6411?
4
What is the thousands digit of 3238?
3
What is the tens digit of 307?
0
What is the units digit of 314?
4
What is the hundreds digit of 48199?
1
What is the units digit of 48124?
4
What is the tens digit of 964?
6
What is the units digit of 461?
1
What is the tens digit of 2200?
0
What is the thousands digit of 14291?
4
What is the tens digit of 80576?
7
What is the units digit of 1022?
2
What is the units digit of 153?
3
What is the ten thousands digit of 15122?
1
What is the units digit of 838?
8
What is the units digit of 1718?
8
What is the hundreds digit of 33152?
1
What is the hundreds digit of 1949?
9
What is the thousands digit of 3073?
3
What is the thousands digit of 46497?
6
What is the hundreds digit of 790?
7
What is the tens digit of 12053?
5
What is the thousands digit of 8660?
8
What is the tens digit of 3824?
2
What is the ten thousands digit of 158612?
5
What is the hundreds digit of 6705?
7
What is the units digit of 457?
7
What is the hundreds digit of 1523?
5
What is the hundreds digit of 6579?
5
What is the tens digit of 603?
0
What is the thousands digit of 23455?
3
What is the tens digit of 23844?
4
What is the hundreds digit of 820?
8
What is the thousands digit of 4683?
4
What is the tens digit of 741?
4
What is the units digit of 960?
0
What is the thousands digit of 2086?
2
What is the tens digit of 202157?
5
What is the tens digit of 563?
6
What is the thousands digit of 65706?
5
What is the units digit of 32776?
6
What is the units digit of 646?
6
What is the thousands digit of 1341?
1
What is the tens digit of 19479?
7
What is the tens digit of 1067?
6
What is the ten thousands digit of 36984?
3
What is the units digit of 4721?
1
What is the thousands digit of 6515?
6
What is the units digit of 332?
2
What is the thousands digit of 12314?
2
What is the hundreds digit of 61988?
9
What is the hundreds digit of 11825?
8
What is the units digit of 46598?
8
What is the tens digit of 7265?
6
What is the tens digit of 11335?
3
What is the units digit of 1786?
6
What is the tens digit of 7926?
2
What is the hundreds digit of 34201?
2
What is the thousands digit of 12801?
2
What is the thousands digit of 34612?
4
What is the hundreds digit of 32655?
6
What is the units digit of 6496?
6
What is the tens digit of 1287?
8
What is the thousands digit of 1374?
1
What is the thousands digit of 161495?
1
What is the thousands digit of 7844?
7
What is the units digit of 67233?
3
What is the ten thousands digit of 15794?
1
What is the ten thousands digit of 40714?
4
What is the hundreds digit of 3127?
1
What is the tens digit of 59596?
9
What is the thousands digit of 3075?
3
What is the tens digit of 610?
1
What is the tens digit of 591?
9
What is the units digit of 23672?
2
What is the units digit of 12078?
8
What is the tens digit of 1965?
6
What is the hundreds digit of 15617?
6
What is the hundreds digit of 191?
1
What is the tens digit of 687?
8
What is the hundreds digit of 17357?
3
What is the units digit of 72?
2
What is the tens digit of 1751?
5
What is the tens digit of 81?
8
What is the units digit of 578?
8
What is the tens digit of 2767?
6
What is the units digit of 16827?
7
What is the tens digit of 55013?
1
What is the units digit of 6331?
1
What is the tens digit of 15241?
4
What is the units digit of 1046?
6
What is the ten thousands digit of 14365?
1
What is the units digit of 798?
8
What is the units digit of 2221?
1
What is the units digit of 72517?
7
What is the hundreds digit of 36427?
4
What is the hundreds digit of 2706?
7